{"id":12,"date":"2023-01-28T07:47:51","date_gmt":"2023-01-28T07:47:51","guid":{"rendered":"https:\/\/eklima.pl\/index.php\/one-page-express-pro\/"},"modified":"2023-09-22T18:45:48","modified_gmt":"2023-09-22T18:45:48","slug":"one-page-express-pro","status":"publish","type":"page","link":"https:\/\/eklima.pl\/","title":{"rendered":"Front Page"},"content":{"rendered":"<div  id=\"about-1\" style=\"background-color: rgb(246, 246, 246); background-image: none;\" data-label=\"About\" data-id=\"about-big-images-section\" data-category=\"about\" class=\"about-big-images-section\" data-ovid=\"ovid-about-1-88\"> <div  class=\"gridContainer\"> <div  class=\"about-big-images-textrow\"> <div  class=\"about-big-images-textcol dynamic-color\" data-type=\"column\">  <h3  class=\"\">Pe\u0142na oferta produkt\u00f3w <span  style=\"font-family: times new roman, times, serif; font-style: italic;\">do ogrzewania i ch\u0142odzenia<\/span> wszyscy producenci i marki<\/h3>  <a class=\"button big color2\" href=\"#contact-4\" target=\"_self\" data-icon=\"\" rel=\"noopener\">Prze\u015blij Zapytanie<\/a> <\/div> <\/div> <\/div> <div  class=\"about-big-images-bottomrow\"> <div  class=\"about-big-images-leftimgcol\"><img  decoding=\"async\" class=\"about-big-images-leftimg\" src=\"https:\/\/eklima.pl\/wp-content\/uploads\/2023\/01\/PC2.png\" alt=\"\"> <\/div> <div  class=\"about-big-images-centerimgcol\"><img  decoding=\"async\" class=\"about-big-images-centerimg\" src=\"https:\/\/eklima.pl\/wp-content\/uploads\/2023\/01\/PC5.png\" alt=\"\"> <\/div> <div  class=\"about-big-images-rightimgcol\"><img  decoding=\"async\" class=\"about-big-images-rightimg\" src=\"https:\/\/eklima.pl\/wp-content\/uploads\/2023\/01\/high-temperature-heat-pump-aux-achp-h16-5-r3-ha-1.png\" alt=\"\"> <\/div> <\/div> <\/div><div  id=\"content-3\" style=\"background-color: #ffffff;\" data-label=\"Content\" data-id=\"content-image-left\" data-category=\"content\" class=\"content-left-image-section\"> <div  class=\"gridContainer\"> <div  class=\"row\"> <div  class=\"content-left-image-imgcol\" data-type=\"column\"> <img  decoding=\"async\" src=\"https:\/\/eklima.pl\/wp-content\/uploads\/2023\/01\/Split.png\" class=\"\" alt=\"\"> <\/div> <div  class=\"content-left-image-textcol dynamic-color\" data-type=\"column\"> <h2  class=\"\">Powietrzne pompy ciep\u0142a<\/h2> <p  class=\"large_text\">Powietrzne pompy ciep\u0142a to urz\u0105dzenia grzewcze, kt\u00f3re wykorzystuj\u0105 ciep\u0142o powietrza z zewn\u0105trz do ogrzewania pomieszczenia. S\u0105 one alternatyw\u0105 dla tradycyjnych system\u00f3w grzewczych i stanowi\u0105 ekologiczn\u0105 i ekonomiczn\u0105 opcj\u0119.\n<br >Istniej\u0105 dwa g\u0142\u00f3wne rodzaje powietrznych pomp ciep\u0142a:<br >\n    Powietrzne pompy ciep\u0142a typu split \u2013 sk\u0142adaj\u0105 si\u0119 z jednostki zewn\u0119trznej i wewn\u0119trznej, po\u0142\u0105czonych rurami. Jednostka zewn\u0119trzna pobiera ciep\u0142o z powietrza, a jednostka wewn\u0119trzna rozprowadza je po pomieszczeniach.<br >\n    Powietrzne pompy ciep\u0142a monoblokowe \u2013 sk\u0142adaj\u0105 si\u0119 z jednej jednostki, kt\u00f3ra jest zamontowana na zewn\u0105trz budynku. Wewn\u0105trz znajduj\u0105 si\u0119 wszystkie niezb\u0119dne elementy do pobierania i rozprowadzania ciep\u0142a.<br >\nOpr\u00f3cz powy\u017cszych rodzaj\u00f3w, istniej\u0105 te\u017c powietrzne pompy ciep\u0142a z dodatkowymi funkcjami, takimi jak ch\u0142odzenie, wentylacja i filtrowanie powietrza.<\/p> <a class=\"button color2\" href=\"#contact-4\" target=\"_self\" data-icon=\"\" rel=\"noopener\"> Dowiedz si\u0119 wi\u0119cej <\/a> <\/div> <\/div> <\/div> <\/div><div  id=\"content-4\" style=\"background-color: rgb(246, 246, 246); background-image: none;\" data-label=\"Content\" data-id=\"content-image-right\" data-category=\"content\" class=\"content-right-image-section\" data-ovid=\"ovid-content-4-944\"> <div  class=\"gridContainer\"> <div  class=\"content-right-image-gridcol\"> <div  class=\"content-right-image-textcol dynamic-color\" data-type=\"column\"> <h2  class=\"\">Hybrydowe systemy ogrzewania<\/h2> <p  class=\"large_text\">Hybrydowe systemy ogrzewania to po\u0142\u0105czenie kilku r\u00f3\u017cnych \u017ar\u00f3de\u0142 ciep\u0142a, takich jak powietrzne pompy ciep\u0142a, kot\u0142y na paliwo sta\u0142e, panele s\u0142oneczne, itp. Celem jest zapewnienie niezawodnego i efektywnego ogrzewania, korzystaj\u0105c z r\u00f3\u017cnych \u017ar\u00f3de\u0142 energii w zale\u017cno\u015bci od potrzeb. Hybrydowe systemy ogrzewania s\u0105 popularne ze wzgl\u0119du na wy\u017csz\u0105 efektywno\u015b\u0107 i mniejsze koszty w por\u00f3wnaniu do tradycyjnych system\u00f3w grzewczych.<\/p> <a class=\"button color2\" href=\"#contact-4\" target=\"_self\" data-icon=\"\" rel=\"noopener\"> Dowiedz si\u0119 wi\u0119cej <\/a> <\/div> <div  class=\"content-right-image-imgcol\" data-type=\"column\"> <img  decoding=\"async\" src=\"https:\/\/eklima.pl\/wp-content\/uploads\/2023\/01\/Diagram1.png\" class=\"\" alt=\"\"> <\/div> <\/div> <\/div> <\/div><div  data-label=\"Content\" data-id=\"content-image-left-1\" data-category=\"content\" class=\"content-left-image-section content-image-left-1\" id=\"content-1\" style=\"background-color: rgb(246, 246, 246);\"> <div  class=\"gridContainer\"> <div  class=\"row\"> <div  class=\"content-left-image-imgcol\" data-type=\"column\"> <img  decoding=\"async\" src=\"https:\/\/eklima.pl\/wp-content\/uploads\/2023\/01\/Oszcz1.png\" class=\"\" alt=\"\"> <\/div> <div  class=\"content-left-image-textcol dynamic-color\" data-type=\"column\"> <h2  class=\"\">Obni\u017c koszty ogrzewania <\/h2> <p  class=\"large_text\">Obni\u017cenie koszt\u00f3w ogrzewania mo\u017cna osi\u0105gn\u0105\u0107 na kilka sposob\u00f3w:<br >\n    -Wymiana starych, nieefektywnych urz\u0105dze\u0144 grzewczych na nowe, bardziej efektywne modele.<br >\n    -Instalacja programator\u00f3w i termostat\u00f3w, kt\u00f3re pozwol\u0105 na automatyczne dostosowywanie temperatury w pomieszczeniach w zale\u017cno\u015bci od potrzeb.<br >\n    -Zastosowanie izolacji cieplnej w budynku, aby zmniejszy\u0107 utrat\u0119 ciep\u0142a.<br >\n    -Korzystanie z alternatywnych \u017ar\u00f3de\u0142 energii, takich jak powietrzne pompy ciep\u0142a, kolektory s\u0142oneczne lub hybrydowe systemy grzewcze.<br >\n    -Oszcz\u0119dzanie energii poprzez racjonalne i \u015bwiadome korzystanie z urz\u0105dze\u0144 grzewczych oraz wy\u0142\u0105czanie ich, gdy nie s\u0105 potrzebne.<\/p> <a class=\"button color2\" href=\"#contact-4\" target=\"_self\" data-icon=\"\" rel=\"noopener\"> Dowiedz si\u0119 wi\u0119cej <\/a> <\/div> <\/div> <\/div> <\/div><div  id=\"cta-1\" data-label=\"Call to action\" data-id=\"cta-blue-section\" data-category=\"cta\" class=\"cta-blue-section\"> <div  class=\"gridContainer\"> <div  class=\"flexbox-list flexbox-list-align-center row\"> <div  class=\"cta-blue-textcol dynamic-color\"> <h2  class=\"cta-blue-text\"> <b  class=\"element2\"> Do\u0142\u0105cz do nas. Wy\u015blij zapytanie. <\/b><\/h2> <\/div> <div  class=\"cta-blue-btncol\"> <a class=\"button big color2 dark-text\" href=\"#contact-4\" target=\"_self\" data-icon=\"\" rel=\"noopener\"> Wy\u015blij Zapytanie <\/a> <\/div> <\/div> <\/div> <\/div><div  id=\"numbers\" data-label=\"Numbers\" data-id=\"numbers-section\" data-category=\"numbers\" data-bg=\"transparent\" class=\"numbers-section\" data-parallax-depth=\"20\" style=\"background-image: none; background-color: rgba(0, 0, 0, 0);\" data-ovid=\"ovid-numbers-20168\"> <div  class=\"gridContainer dynamic-color\"> <div  class=\"numbers-itemcol\"> <h2  class=\"numbers-numbertext\">50<\/h2> <h3  class=\"numbers-titletext\">PRODUCENT\u00d3W I MAREK<\/h3> <\/div> <div  class=\"numbers-itemcol\"> <h2  class=\"numbers-numbertext\">1250<\/h2> <h3  class=\"numbers-titletext\">&nbsp;RODZAJ\u00d3W URZ\u0104DZE\u0143<\/h3> <\/div> <div  class=\"numbers-itemcol-last\"> <h2  class=\"numbers-numbertext\">17000<\/h2> <h3  class=\"numbers-titletext\">ZADOWOLONYCH KLIENT\u00d3W<\/h3> <\/div> <\/div><\/div><div  id=\"contact-4\" data-label=\"Contact\" data-id=\"contact-section\" data-category=\"contact\" data-bg=\"transparent\" class=\"contact-section-formsection white-text\" style=\"background-image: none; background-color: rgba(0, 0, 0, 0);\" data-ovid=\"ovid-contact-4-20165\"> <div  class=\"gridContainer\"> <div  class=\"row_224\"> <div  class=\"contact-textrow\"> <div  class=\"contact-textcol dynamic-color\"> <h2 >Napisz do nas<\/h2> <p  class=\"white_text\"><\/p> <\/div> <\/div> <\/div> <div  class=\"contact-formcol\" data-content-shortcode=\"one_page_express_contact_form shortcode=&quot;contact-form-7 id=&amp;amp;quot;85&amp;amp;quot; title=&amp;amp;quot;Formularz 1&amp;amp;quot;&quot;\" data-editable=\"true\">\n<div class=\"wpcf7 no-js\" id=\"wpcf7-f85-o1\" lang=\"pl-PL\" dir=\"ltr\">\n<div class=\"screen-reader-response\"><p role=\"status\" aria-live=\"polite\" aria-atomic=\"true\"><\/p> <ul><\/ul><\/div>\n<form action=\"\/index.php\/wp-json\/wp\/v2\/pages\/12#wpcf7-f85-o1\" method=\"post\" class=\"wpcf7-form init\" aria-label=\"Formularz kontaktowy\" novalidate=\"novalidate\" data-status=\"init\">\n<div style=\"display: none;\">\n<input type=\"hidden\" name=\"_wpcf7\" value=\"85\" \/>\n<input type=\"hidden\" name=\"_wpcf7_version\" value=\"5.7.4\" \/>\n<input type=\"hidden\" name=\"_wpcf7_locale\" value=\"pl_PL\" \/>\n<input type=\"hidden\" name=\"_wpcf7_unit_tag\" value=\"wpcf7-f85-o1\" \/>\n<input type=\"hidden\" name=\"_wpcf7_container_post\" value=\"0\" \/>\n<input type=\"hidden\" name=\"_wpcf7_posted_data_hash\" value=\"\" \/>\n<input type=\"hidden\" name=\"_wpcf7_recaptcha_response\" value=\"\" \/>\n<\/div>\n<p><label> Twoje imi\u0119 i nazwisko lub nazwa Firmy<br \/>\n<span class=\"wpcf7-form-control-wrap\" data-name=\"your-name\"><input size=\"40\" class=\"wpcf7-form-control wpcf7-text wpcf7-validates-as-required\" autocomplete=\"name\" aria-required=\"true\" aria-invalid=\"false\" value=\"\" type=\"text\" name=\"your-name\" \/><\/span> <\/label>\n<\/p>\n<p><label> Tw\u00f3j adres e-mail<br \/>\n<span class=\"wpcf7-form-control-wrap\" data-name=\"your-email\"><input size=\"40\" class=\"wpcf7-form-control wpcf7-text wpcf7-email wpcf7-validates-as-required wpcf7-validates-as-email\" autocomplete=\"email\" aria-required=\"true\" aria-invalid=\"false\" value=\"\" type=\"email\" name=\"your-email\" \/><\/span> <\/label>\n<\/p>\n<p><label> Temat<br \/>\n<span class=\"wpcf7-form-control-wrap\" data-name=\"your-subject\"><input size=\"40\" class=\"wpcf7-form-control wpcf7-text wpcf7-validates-as-required\" aria-required=\"true\" aria-invalid=\"false\" value=\"\" type=\"text\" name=\"your-subject\" \/><\/span> <\/label>\n<\/p>\n<p><label> Twoja wiadomo\u015bci (opcjonalne mo\u017cesz poda\u0107 numer telefonu do kontaktu)<br \/>\n<span class=\"wpcf7-form-control-wrap\" data-name=\"your-message\"><textarea cols=\"40\" rows=\"10\" class=\"wpcf7-form-control wpcf7-textarea\" aria-invalid=\"false\" name=\"your-message\"><\/textarea><\/span> <\/label>\n<\/p>\n<p><input class=\"wpcf7-form-control has-spinner wpcf7-submit\" type=\"submit\" value=\"Wy\u015blij\" \/>\n<\/p><div class=\"wpcf7-response-output\" aria-hidden=\"true\"><\/div>\n<\/form>\n<\/div>\n<\/div> <\/div><\/div>","protected":false},"excerpt":{"rendered":"<p>Pe\u0142na oferta produkt\u00f3w do ogrzewania i ch\u0142odzenia wszyscy producenci i marki Prze\u015blij Zapytanie Powietrzne pompy ciep\u0142a Powietrzne pompy ciep\u0142a to urz\u0105dzenia grzewcze, kt\u00f3re wykorzystuj\u0105 ciep\u0142o powietrza z zewn\u0105trz do ogrzewania pomieszczenia. S\u0105 one alternatyw\u0105 dla tradycyjnych system\u00f3w grzewczych i stanowi\u0105 ekologiczn\u0105 i ekonomiczn\u0105 opcj\u0119. Istniej\u0105 dwa g\u0142\u00f3wne rodzaje powietrznych pomp ciep\u0142a: Powietrzne pompy ciep\u0142a typu&hellip; <br \/> <a class=\"button small blue\" href=\"https:\/\/eklima.pl\/\">Czytaj dalej<\/a><\/p>\n","protected":false},"author":1,"featured_media":0,"parent":0,"menu_order":0,"comment_status":"closed","ping_status":"closed","template":"","meta":{"footnotes":""},"_links":{"self":[{"href":"https:\/\/eklima.pl\/index.php\/wp-json\/wp\/v2\/pages\/12"}],"collection":[{"href":"https:\/\/eklima.pl\/index.php\/wp-json\/wp\/v2\/pages"}],"about":[{"href":"https:\/\/eklima.pl\/index.php\/wp-json\/wp\/v2\/types\/page"}],"author":[{"embeddable":true,"href":"https:\/\/eklima.pl\/index.php\/wp-json\/wp\/v2\/users\/1"}],"replies":[{"embeddable":true,"href":"https:\/\/eklima.pl\/index.php\/wp-json\/wp\/v2\/comments?post=12"}],"version-history":[{"count":22,"href":"https:\/\/eklima.pl\/index.php\/wp-json\/wp\/v2\/pages\/12\/revisions"}],"predecessor-version":[{"id":121,"href":"https:\/\/eklima.pl\/index.php\/wp-json\/wp\/v2\/pages\/12\/revisions\/121"}],"wp:attachment":[{"href":"https:\/\/eklima.pl\/index.php\/wp-json\/wp\/v2\/media?parent=12"}],"curies":[{"name":"wp","href":"https:\/\/api.w.org\/{rel}","templated":true}]}}